divided by 105.
8
What is the remainder when 284086 is divided by 289?
288
Calculate the remainder when 26008 is divided by 153.
151
What is the remainder when 510988 is divided by 22?
16
Calculate the remainder when 107094 is divided by 53.
34
What is the remainder when 2169400 is divided by 873?
868
Calculate the remainder when 198718 is divided by 175.
93
What is the remainder when 289635 is divided by 57906?
105
What is the remainder when 1620 is divided by 402?
12
What is the remainder when 9057089 is divided by 903?
902
Calculate the remainder when 5317 is divided by 2652.
13
What is the remainder when 7217 is divided by 23?
18
Calculate the remainder when 19142 is divided by 66.
2
Calculate the remainder when 2466 is divided by 135.
36
What is the remainder when 82986 is divided by 13826?
30
What is the remainder when 295705 is divided by 15?
10
Calculate the remainder when 535583 is divided by 28.
27
Calculate the remainder when 24965 is divided by 150.
65
What is the remainder when 58402 is divided by 1271?
1207
What is the remainder when 497591 is divided by 32?
23
What is the remainder when 129881 is divided by 4995?
11
What is the remainder when 34905 is divided by 10?
5
Calculate the remainder when 23770 is divided by 950.
20
Calculate the remainder when 23261 is divided by 298.
17
Calculate the remainder when 51711 is divided by 64.
63
Calculate the remainder when 420227 is divided by 81.
80
Calculate the remainder when 77425 is divided by 450.
25
What is the remainder when 122055 is divided by 13559?
24
What is the remainder when 1345724 is divided by 45?
44
Calculate the remainder when 793 is divided by 186.
49
What is the remainder when 50165 is divided by 229?
14
What is the remainder when 1088 is divided by 232?
160
Calculate the remainder when 1229446 is divided by 139.
130
Calculate the remainder when 31966 is divided by 32.
30
What is the remainder when 45376 is divided by 162?
16
What is the remainder when 2365 is divided by 1182?
1
What is the remainder when 40706 is divided by 138?
134
What is the remainder when 6127 is divided by 575?
377
Calculate the remainder when 379580 is divided by 26.
6
What is the remainder when 100552 is divided by 931?
4
What is the remainder when 22885 is divided by 1906?
13
What is the remainder when 5382 is divided by 1396?
1194
What is the remainder when 887 is divided by 343?
201
Calculate the remainder when 41931 is divided by 10461.
87
What is the remainder when 90097 is divided by 141?
139
What is the remainder when 23170 is divided by 9?
4
What is the remainder when 53898 is divided by 151?
142
What is the remainder when 6215 is divided by 99?
77
Calculate the remainder when 65389 is divided by 57.
10
Calculate the remainder when 119324 is divided by 106.
74
What is the remainder when 10068 is divided by 396?
168
What is the remainder when 3264 is divided by 3257?
7
What is the remainder when 112352 is divided by 1652?
16
What is the remainder when 112201 is divided by 510?
1
Calculate the remainder when 2642 is divided by 262.
22
What is the remainder when 23238 is divided by 2903?
14
Calculate the remainder when 13893 is divided by 4618.
39
What is the remainder when 2197 is divided by 32?
21
Calculate the remainder when 1063435 is divided by 44.
43
What is the remainder when 161305 is divided by 43?
12
What is the remainder when 3011 is divided by 99?
41
What is the remainder when 2682 is divided by 183?
120
Calculate the remainder when 10727 is divided by 10705.
22
What is the remainder when 30042 is divided by 38?
22
What is the remainder when 41799 is divided by 3793?
76
What is the remainder when 18179 is divided by 967?
773
Calculate the remainder when 2465246 is divided by 1451.
1448
Calculate the remainder when 312350 is divided by 2297.
2255
Calculate the remainder when 94728 is divided by 6765.
18
Calculate the remainder when 1874 is divided by 145.
134
What is the remainder when 156825 is divided by 58?
51
What is the remainder when 2306 is divided by 288?
2
What is the remainder when 1213 is divided by 27?
25
Calculate the remainder when 92010 is divided by 1484.
2
What is the remainder when 890751 is divided by 233?
225
Calculate the remainder when 38293 is divided by 23.
21
What is the remainder when 6812 is divided by 36?
8
Calculate the remainder when 31701 is divided by 33.
21
Calculate the remainder when 31707 is divided by 10562.
21
What is the remainder when 353 is divided by 20?
13
Calculate the remainder when 12411 is divided by 52.
35
What is the remainder when 1360072 is divided by 226677?
10
Calculate the remainder when 64375 is divided by 11.
3
Calculate the remainder when 10219 is divided by 97.
34
What is the remainder when 4200 is divided by 48?
24
Calculate the remainder when 170224 is divided by 14.
12
Calculate the remainder when 1981 is divided by 611.
148
Calculate the remainder when 7415808 is divided by 263.
260
What is the remainder when 982 is divided by 7?
2
Calculate the remainder when 1295110 is divided by 364.
362
What is the remainder when 380602 is divided by 966?
964
What is the remainder when 68366 is divided by 86?
82
Calculate the remainder when 11267 is divided by 4.
3
What is the remainder when 1032596 is divided by 516294?
8
Calculate the remainder when 1108 is divided by 1053.
55
What is the remainder when 8530 is divided by 502?
498
What is the remainder when 1733950 is divided by 463?
15
Calculate the remainder when 6531 is divided by 255.
156
What is the remainder when 898449 is divided by 321?
291
Calculate the remainder when 14908 is divided by 14644.
264
What is the remainder when 10784 is divided by 2694?
8
What is the remainder when 68374 is divided by 25?
24
What is the remainder when 2267 is divided by 77?
34
Calculate the remainder when 14866815 is divided by 2432.
2431
What is the remainder when 9437 is divided by 1564?
53
Calculate the remainder when 147183 is divided by 90.
33
Calculate the remainder when 36242 is divided by 59.
16
Calculate the remainder when 1760 is divided by 199.
168
What is the remainder when 3744 is divided by 338?
26
Calculate the remainder when 23972 is divided by 1138.
74
Calculate the remainder when 3718 is divided by 69.
61
Calculate the remainder when 66606 is divided by 280.
246
What is the remainder when 20796 is divided by 10?
6
Calculate the remainder when 1167 is divided by 301.
264
Calculate the remainder when 28290 is divided by 27.
21
Calculate the remainder when 25316 is divided by 12614.
88
What is the remainder when 1359 is divided by 239?
164
Calculate the remainder when 214537 is divided by 29.
24
Calculate the remainder when 12075 is divided by 1326.
141
What is the remainder when 903 is divided by 34?
19
Calculate the remainder when 44284 is divided by 4920.
4
What is the remainder when 683436 is divided by 86?
80
Calculate the remainder when 1175028 is divided by 39.
36
What is the remainder when 261190 is divided by 87062?
4
Calculate the remainder when 298789 is divided by 19.
14
What is the remainder when 9549 is divided by 3179?
12
What is the remainder when 6776 is divided by 6767?
9
Calculate the remainder when 30959 is divided by 138.
47
Calculate the remainder when 11142 is divided by 26.
14
What is the remainder when 3460 is divided by 112?
100
What is the remainder when 310810 is divided by 46?
34
Calculate the remainder when 2863 is divided by 73.
16
What is the remainder when 1695 is divided by 1646?
49
Calculate the remainder when 2975 is divided by 734.
39
What is the remainder when 13264 is divided by 75?
64
What is the remainder when 99920 is divided by 22?
18
What is the remainder when 13402 is divided by 2229?
28
What is the remainder when 2885 is divided by 686?
141
Calculate the remainder when 268250 is divided by 380.
350
What is the remainder when 31493 is divided by 28?
21
What is the remainder when 61398 is divided by 20461?
15
Calculate the remainder when 1708 is divided by 4.
0
Calculate the remainder when 184081 is divided by 126.
121
What is the remainder when 119552 is divided by 175?
27
Calculate the remainder when 122634 is divided by 221.
200
What is the remainder when 20787 is divided by 21?
18
What is the remainder when 17123 is divi